What is -13022030 (base 4) in base 7?
-151331
Convert 5a1b80 (base 12) to base 4.
11203031100
What is -11100100000111110001 (base 2) in base 8?
-3440761
10021110033 (base 4) to base 8
4112417
Convert bdb70 (base 15) to base 9.
1118546
Convert -172374 (base 9) to base 8.
-320370
What is 348a1 (base 13) in base 12?
47642
Convert -2235432 (base 7) to base 15.
-575b9
-120334200 (base 5) to base 16
-88653
What is -8968 (base 14) in base 7?
-126261
9a70a (base 14) to base 10
374566
-1100000100100100101101 (base 2) to base 6
-151454141
What is 224380 (base 9) in base 2?
100000110100110011
-163961 (base 13) to base 4
-2012133002
52a85 (base 14) to base 11
126aa6
65451 (base 10) to base 4
33332223
-3688032 (base 10) to base 8
-16043140
Convert eccf7 (base 16) to base 4.
3230303313
-6724300 (base 11) to base 5
-11004313232
-1011111000100001110 (base 2) to base 14
-a1c98
816345 (base 10) to base 7
6640005
Convert 406120 (base 8) to base 3.
20211010021
Convert 31132011023 (base 4) to base 9.
6571655
What is -3c8461 (base 16) in base 12?
-13b3201
797c0 (base 13) to base 2
110101111101101111
Convert -3103022111 (base 5) to base 14.
-b9d4a2
393e90 (base 15) to base 10
2747160
What is 101011011111001011 (base 2) in base 16?
2b7cb
What is 12312331111 (base 4) in base 15?
257aed
What is -5530452 (base 7) in base 16?
-a5f24
321434103 (base 5) to base 8
5135475
What is -6da980 (base 14) in base 5?
-1430140133
15043304 (base 9) to base 2
11100011111011100110100
What is -1203400104 (base 5) in base 6?
-135514055
249701 (base 10) to base 4
330331211
What is 1a179a (base 11) in base 16?
4b9f4
185074 (base 9) to base 6
2245321
Convert -250017 (base 9) to base 6.
-3122411
What is -2abecc (base 15) in base 16?
-1f843b
-11121220110220 (base 3) to base 8
-11301650
What is 5304531 (base 8) in base 7?
14665630
What is 101221003 (base 4) in base 12?
35997
Convert -399820 (base 10) to base 9.
-668404
-10014101 (base 5) to base 8
-232654
838904 (base 10) to base 14
17ba1a
What is 4c81 (base 13) in base 12?
63a1
What is -22000201323 (base 4) in base 10?
-2623611
1222111211102 (base 3) to base 13
2ab558
-16017335 (base 8) to base 6
-210455221
Convert 11776745 (base 9) to base 11.
329765a
What is 3be7 (base 15) in base 7?
52240
Convert 112212111 (base 4) to base 8.
264625
What is -721136 (base 8) in base 2?
-111010001001011110
What is -35b157 (base 13) in base 9?
-2362285
What is 2ba512 (base 14) in base 11?
953003
Convert 3374521 (base 11) to base 12.
1b89b97
What is 102020110110 (base 3) in base 16?
36027
What is -2afee6 (base 16) in base 2?
-1010101111111011100110
-100211001020 (base 3) to base 8
-571302
Convert -2410145 (base 6) to base 16.
-1eb51
What is 2102202020202 (base 3) in base 9?
2382222
-2290868 (base 10) to base 5
-1041301433
Convert -1123404 (base 7) to base 8.
-422307
What is -33230320 (base 4) in base 3?
-10021012221
What is 52752 (base 10) in base 9?
80323
Convert -111314204 (base 6) to base 2.
-111110000000010011100
What is 71809 (base 12) in base 14?
3bd45
Convert b706d (base 14) to base 3.
211110010222
Convert b2b240 (base 12) to base 7.
32532225
Convert -2330420214 (base 5) to base 13.
-1146481
aa772 (base 11) to base 14
4278a
Convert 3b297a (base 16) to base 4.
32302211322
What is -158566 (base 10) in base 9?
-261454
Convert -100111011011100 (base 2) to base 3.
-1000200201
-15c5a (base 14) to base 10
-54568
-1464220 (base 7) to base 4
-301000333
What is 14542205 (base 8) in base 4?
30230102011
-541322 (base 7) to base 3
-11210010212
Convert -61361 (base 8) to base 13.
-b6b5
What is 174535 (base 10) in base 15?
36aaa
What is 1054511 (base 7) in base 15?
28d6e
82546 (base 9) to base 4
31101321
-100272 (base 16) to base 4
-10000021302
Convert -6232284 (base 11) to base 4.
-221331021303
What is 30511 (base 14) in base 3?
12220110022
10534505 (base 6) to base 15
65dd8
Convert -83e52 (base 16) to base 7.
-4410023
What is 1518537 (base 9) in base 12?
3459ba
Convert -4051035 (base 7) to base 12.
-1b35b6
119775 (base 11) to base 16
2e0b8
-9306b (base 12) to base 9
-322202
Convert -28701c (base 16) to base 11.
-15500a9
What is 3627413 (base 12) in base 6?
1013054423
Convert -75253 (base 11) to base 3.
-12120010102
Convert 25602264 (base 7) to base 10.
2337003
What is -1112300212 (base 4) in base 15?
-70461
What is 5218 (base 14) in base 5?
423014
-1101100010001011010 (base 2) to base 11
-283216
-3345335 (base 6) to base 5
-20412231
76723 (base 11) to base 2
11011001011110001
1001110101000000111 (base 2) to base 9
540688
What is 100111010001101101110 (base 2) in base 9?
2371414
What is 1346786 (base 9) in base 12?
2b81a3
Convert -147e9dc (base 15) to base 8.
-70450556
What is -1071b55 (base 16) in base 15?
-17a9060
Convert 10001000001001010001 (base 2) to base 3.
1001022221200
What is 267648 (base 9) in base 2?
100111110100011001
What is 481442 (base 15) in base 3?
20111010011122
-4e2eb4 (base 15) to base 6
-212302211
10334520 (base 6) to base 12
12a440
Convert -4266740 (base 8) to base 16.
-116de0
What is -8366b (base 15) in base 9?
-704382
Convert 13442040 (base 5) to base 16.
223ee
Convert 225112146 (base 7) to base 9.
27840306
Convert 100011000100000011111100 (base 2) to base 11.
520892a
What is -110143156 (base 7) in base 9?
-13403241
Convert 36f01 (base 16) to base 2.
110110111100000001
Convert -552434003 (base 6) to base 12.
-33a8903
What is -44873 (base 13) in base 3?
-20022202022
-12055a (base 11) to base 9
-321005
Convert -201010 (base 7) to base 4.
-20102230
What is 1034223 (base 6) in base 5?
3121440
What is -2121201000 (base 3) in base 9?
-77630
What is -1624164 (base 7) in base 14?
-5bca4
Convert 1024030100 (base 5) to base 14.
408299
-2a4c4 (base 13) to base 6
-1414012
What is -31351151 (base 6) in base 9?
-1646244
23132334 (base 7) to base 5
1004244101
b2c3e (base 16) to base 15
e6e4c
What is -727aa (base 11) in base 10?
-106116
What is -4011134 (base 8) in base 3?
-1222111211020
Convert 11011110011000011 (base 2) to base 14.
2d6cb
Convert -121000120000 (base 3) to base 7.
-2452224
2221200002 (base 3) to base 14
17247
What is -100221112220021 (base 3) in base 9?
-10845807
Convert 2e921 (base 16) to base 6.
4031041
-16d33e (base 16) to base 9
-2728847
What is -1101002212022 (base 3) in base 8?
-2622366
115223 (base 10) to base 2
11100001000010111
What is 3161a (base 13) in base 12?
43559
Convert 22ba (base 16) to base 8.
21272
What is -397c76 (base 15) in base 13?
-758460
Convert -202330030202 (base 4) to base 11.
-5196700
Convert 3000133 (base 4) to base 15.
39b4
What is 1071423 (base 8) in base 15?
5b603
What is 117718 (base 10) in base 15?
24d2d
-1008980 (base 10) to base 12
-407a98
21111210010212 (base 3) to base 15
53c96e
What is -408b56 (base 15) in base 9?
-5684180
Convert 10000101101000000101000 (base 2) to base 14.
81da1a
What is 3a537a (base 13) in base 15?
1cd172
Convert -10c1b0 (base 13) to base 2.
-1100001001010010001
Convert 1111000010001 (base 3) to base 15.
108487
What is -195334 (base 10) in base 8?
-575406
What is -201210001220021 (base 3) in base 12?
-362b48a
534240 (base 6) to base 8
125320
Convert 19455053 (base 10) to base 16.
128dc4d
What is -136a666 (base 11) in base 2?
-1000111111010110111100
-6851394 (base 12) to base 6
-1552534304
26a3a1 (base 12) to base 7
5303431
-223211321 (base 4) to base 14
-490db
What is 42522266 (base 7) in base 9?
6725465
What is 25960 (base 10) in base 16?
6568
Convert d8b5 (base 15) to base 7.
250442
What is -1174112 (base 9) in base 7?
-5302133
Convert 3c1c0d (base 14) to base 15.
2b1283
-2ac72 (base 14) to base 10
-106724
10000121112102 (base 3) to base 15
21ae6b
Convert -c476f (base 16) to base 6.
-25125315
12220 (base 6) to base 4
130110
Convert 110222112200 (base 3) to base 7.
2113014
Convert 193512 (base 13) to base 11.
3a4754
Convert 1491800 (base 11) to base 13.
6b37a0
What is -2323120212 (base 4) in base 10?
-767526
What is -1a138 (base 15) in base 9?
-138108
-2510641 (base 7) to base 16
-4ea09
What is 35925 (base 14) in base 13?
4769b
460267 (base 12) to base 9
2086447
What is -11519819 (base 10) in base 9?
-23607188
What is 2112000111000 (base 3) in base 8?
5066653
Convert 118867 (base 9) to base 13.
26ac1
-5110455 (base 7) to base 8
-2242711
What is -343111 (base 8) in base 10?
-116